is -129 - -2c1c?
2ac3
In base 14, what is 6 - 62b7?
-62b1
In base 2, what is 10001 - 10110010111110001?
-10110010111100000
In base 12, what is 3b729 - -2?
3b72b
In base 2, what is -1010010110 + 11110001111?
10011111001
In base 5, what is 3140004 - 0?
3140004
In base 15, what is 71d1 - -d?
71de
In base 16, what is 4 - -3ab5?
3ab9
In base 16, what is -1408f - 1?
-14090
In base 11, what is 84 + 947?
a20
In base 2, what is 11000 - 1010101011100?
-1010101000100
In base 3, what is 2220 + 1110111?
1120101
In base 14, what is -24 - -27b?
257
In base 8, what is 5 + 726357?
726364
In base 15, what is -dcc + 9?
-dc3
In base 7, what is 24613114 - 2?
24613112
In base 12, what is -1a2026 + 4?
-1a2022
In base 3, what is 12 - 1202102112?
-1202102100
In base 12, what is -23 - 100?
-123
In base 8, what is -357 + 12004?
11425
In base 15, what is -196dc - 3?
-196e0
In base 7, what is 201324 - -2?
201326
In base 12, what is 5a3 - 13a?
465
In base 5, what is -3 + -112040?
-112043
In base 5, what is 213 + -23122?
-22404
In base 9, what is -180 - -2057?
1767
In base 11, what is 9 + 6557?
6565
In base 4, what is 22 - 2112?
-2030
In base 5, what is 23 - -24243?
24321
In base 15, what is -1 - -a086?
a085
In base 5, what is -33 - -3311?
3223
In base 15, what is 0 + -29aa?
-29aa
In base 16, what is -78bf + 8?
-78b7
In base 8, what is 317052 + 3?
317055
In base 12, what is 5 + 8010b?
80114
In base 6, what is -4 + 212413?
212405
In base 10, what is -19426 - 15?
-19441
In base 16, what is -4c8a - 9?
-4c93
In base 7, what is 414 + 10045?
10462
In base 3, what is 0 - 120121220022?
-120121220022
In base 9, what is -3 + 344311?
344307
In base 4, what is -203 + 21230?
21021
In base 13, what is -60ca1 - 5?
-60ca6
In base 12, what is 2a - 5a33?
-5a05
In base 16, what is -138 + -44c?
-584
In base 7, what is -525105 + -3?
-525111
In base 9, what is -43 + 1285?
1242
In base 13, what is -4 - -1b25?
1b21
In base 3, what is 121110 - -102?
121212
In base 8, what is 34 - -5056?
5112
In base 4, what is 312023 + -102?
311321
In base 2, what is -10001101010110111001 - -1110?
-10001101010110101011
In base 13, what is 4b - -1409?
1457
In base 15, what is 0 - -c2db6?
c2db6
In base 11, what is 732 - 2102?
-1480
In base 15, what is 0 + -310a?
-310a
In base 5, what is 4100 - -10?
4110
In base 10, what is 202 + 3843?
4045
In base 2, what is -11001011101101011 + 0?
-11001011101101011
In base 3, what is -1022211202 + 11002?
-1022200200
In base 12, what is -71a4 - 4?
-71a8
In base 9, what is -20 + 32406?
32376
In base 12, what is -33 + -219a?
-2211
In base 2, what is 10111011100100110 - -111?
10111011100101101
In base 5, what is -114 + -43324?
-43443
In base 15, what is -38630 - 7?
-38637
In base 9, what is -56 - 7272?
-7338
In base 13, what is -7c2 + -59?
-84b
In base 3, what is -2 + 1012211?
1012202
In base 6, what is -55324 - -24?
-55300
In base 12, what is 1 - 46269?
-46268
In base 2, what is -101 + -10101011010001110011?
-10101011010001111000
In base 6, what is -40012442 - 2?
-40012444
In base 4, what is 203210 + 3223?
213033
In base 16, what is -59c3ae + -3?
-59c3b1
In base 12, what is 317 + 35ab?
3906
In base 2, what is 10100100110010010101 - 1000?
10100100110010001101
In base 9, what is -4 + -32431?
-32435
In base 16, what is d - de65?
-de58
In base 10, what is 0 - -32944?
32944
In base 11, what is 36 - 2877?
-2841
In base 4, what is -32201300 + -203?
-32202103
In base 14, what is -697 + 3?
-694
In base 15, what is -10950 - -9?
-10946
In base 2, what is 1010010011101 - -11010010?
1010101101111
In base 8, what is 2 - 3031642?
-3031640
In base 16, what is -219 - -17?
-202
In base 5, what is -12 + -100221?
-100233
In base 14, what is 206 - -2598?
27a0
In base 5, what is 10 - 132142?
-132132
In base 3, what is -10 + 20222101111?
20222101101
In base 12, what is -4b - b13?
-b62
In base 10, what is -92293 - 30?
-92323
In base 10, what is 201468 + -2?
201466
In base 16, what is -d61 - -1a?
-d47
In base 6, what is -3 + -223215?
-223222
In base 14, what is 6 + 3b66b?
3b673
In base 7, what is -104563 + -464?
-105360
In base 15, what is -28 + -37b9?
-37e2
In base 8, what is 57 - -156?
235
In base 4, what is -10 + 3103320?
3103310
In base 13, what is 136 - -152?
288
In base 14, what is -b489 + 38?
-b451
In base 13, what is -18 - 292?
-2aa
In base 4, what is -3113223321 + -10?
-3113223331
In base 10, what is -101683 + -23?
-101706
In base 8, what is -12 - -16333?
16321
In base 6, what is -1041 + -1025?
-2110
In base 4, what is -110333202 + -11?
-110333213
In base 6, what is -255 - 1?
-300
In base 6, what is -12012 + 430?
-11142
In base 13, what is 50a - 63b?
-131
In base 13, what is -1 + 456c?
456b
In base 5, what is -203 - 144101?
-144304
In base 9, what is -648 - -15?
-633
In base 7, what is 233 - -542?
1105
In base 16, what is 11de6a + -4?
11de66
In base 4, what is 20 + 1021212?
1021232
In base 13, what is 4 + -17465b?
-174657
In base 2, what is 100 + 1100101101011101?
1100101101100001
In base 9, what is 747 + 2481?
3338
In base 3, what is 21102011 + 2?
21102020
In base 10, what is -27 + -79618?
-79645
In base 11, what is -1 - 105500?
-105501
In base 15, what is 4d91 - -1c?
4dad
In base 3, what is 22001021 + -120021?
21111000
In base 14, what is -487 - 213?
-69a
In base 9, what is 2 + -1442557?
-1442555
In base 2, what is 111001001001100000 + -11?
111001001001011101
In base 8, what is -22155 + 3?
-22152
In base 3, what is 10201 + -220210022?
-220122121
In base 16, what is -3520 - -21?
-34ff
In base 8, what is -12 + 1111?
1077
In base 14, what is -4339 + d?
-432a
In base 2, what is -10000010000000100 - 1001?
-10000010000001101
In base 2, what is -100100101 + 111001?
-11101100
In base 4, what is 3203 + -1220222?
-1211013
In base 5, what is 10214 + -100?
10114
In base 6, what is 320110 - -14?
320124
In base 14, what is 19940 - -4?
19944
In base 6, what is -55 - 25355?
-25454
In base 8, what is -3 + 453400?
453375
In base 11, what is -761 - 8a?
-840
In base 8, what is 1 - 44012?
-44011
In base 15, what is -394 + 822?
47d
In base 13, what is -4083 - 86?
-4139
In base 12, what is b + -99485?
-99476
In base 13, what is -3 + 9ca8?
9ca5
In base 16, what is -2 - 1f2?
-1f4
In base 16, what is -2a648 - -2?
-2a646
In base 15, what is -198b - -7?
-1984
In base 16, what is 3 + 101df1?
101df4
In base 10, what is -42 - 24706?
-24748
In base 13, what is -a83 - -37?
-a49
In base 15, what is -18925 + 1?
-18924
In base 9, what is -277 - 2881?
-3268
In base 10, what is 143500 + -4?
143496
In base 14, what is -172 + -d2?
-264
In base 13, what is 2c2a9 + -1?
2c2a8
In base 13, what is -1 + 10a94?
10a93
In base 16, what is 39 + -1ff4?
-1fbb
In base 14, what is 12cb7 - -15?
12ccc
In base 10, what is 10 + 232?
242
In base 8, what is 11 - -12106?
12117
In base 11, what is 327 + -238?
9a
In base 16, what is e6 + -f7?
-11
In base 7, what is 452 - -454?
1236
In base 14, what is -2 - -6dac?
6daa
In base 13, what is -1b043 + 2?
-1b041
In base 4, what is 312133 + 3?
312202
In base 15, what is -11e - a?
-129
In base 15, what is -115e46 - 3?
-115e49
In base 8, what is -3 + -1753545?
-1753550
In base 3, what is -2221101112 - 11?
-2221101200
In base 9, what is 365 + -21325?
-20850
In base 13, what is 13745 + -4?
13741
In base 7, what is -1165 + -1153?
-2351
In base 4, what is 11131 - -230111?
301302
In base 12, what is 624a17 - -1?
624a18
In base 16, what is -59 - -2d6?
27d
In base 16, what is 2 + a5e?
a60
In base 4, what is -10330120 - -10?
-10330110
In base 3, what is -210101 + -10010202?
-10221010
In base 10, what is 4 + 40103?
40107
In base 2, what is 1000001 + 1010100010?
1011100011
In base 3, what is 1 - 2101010122?
-2101010121
In base 6, what is -153 - 545?
-1142
In base 3, what is -2112 + 10221121?
10212002
In base 11, what is -4065 - -a6?
-3a6a
In base 4, what is 32200 - -1023232?
1122032
In base 5, what is -10132 + 4344?
-233
In base 9, what is -2 + -15650?
-15652
In base 5, what is 1 + 4410443?
4410444
In base 14, what is -30b - -190b?
1600
In base 14, what is 4a - -11a?
166
In base 14, what is -4 + 1042a7?
1042a3
In base 15, what is -5d - -b1a?
aac
In base 12, what is 10 - b33?
-b23
In base 10, what is 13426 + 7?
13433
In base 3, what is 10120 + -201022?
-120202
In base 5, what is -11221 - -134104?
122333
In base 2, what is -1